 p be (14 - 2)/(-9*5/(-30)). Suppose p*q = 11*q - 3081. Is q a prime number?
False
Let j(f) = 5*f**2 - 2*f + 1. Let c be -18 + 0 + 11 + -10. Let i be (-2)/6*(c + -1). Is j(i) prime?
False
Let f = -2272 + 4270. Suppose 0 = -l - 3*r + f + 806, 2*l + r = 5583. Is l a composite number?
False
Let h(u) = u**3 + 25*u**2 + 3*u - 25. Is h(-22) a composite number?
False
Suppose 0 = 2*w + 2 + 10. Is 4/w + ((-1930)/(-15) - 5) a composite number?
True
Suppose -17 = -4*v - 9. Suppose 3*s - 3*g - g = -6, 2*g = 6. Suppose -v*k + 3*t + 373 = 0, s*k + 2*t + 189 = 3*k. Is k a prime number?
True
Let i be ((-2137)/2)/(4/16*2). Let c = i - -4290. Is c a composite number?
False
Let y(f) = 2*f + 27. Let m be y(-12). Suppose -m*r + 1580 = r. Suppose n = 2*n - r. Is n composite?
True
Suppose -4*u - 20 = 0, -198*w + u = -203*w + 231900. Is w composite?
False
Let g(w) = 78*w**2 - 15*w - 1. Is g(4) a composite number?
False
Suppose -2*i = 3*i - 10. Let y be 2 + 1 - (25 + i). Is 16/y - (-280)/6 a prime number?
False
Suppose -191949 = -5*t + n, 4*t + 2*n - 61740 = 91808. Is t a composite number?
True
Suppose -3*x - 78453 = -12*x. Is x prime?
False
Let z be (25/(-4))/((-6)/600). Is z - -9 - (-2*1 + 5) a composite number?
False
Let r(n) be the first derivative of -375*n**4/2 + 2*n**3/3 + n**2 + n + 1. Let j = -581 + 580. Is r(j) composite?
False
Suppose -975 - 4491 = -3*b. Suppose n + 2*n + b = u, 0 = 4*u + n - 7327. Is u a composite number?
False
Let f(o) = -5*o**3 - 20*o**2 + 6*o + 12. Let c be f(-6). Suppose -5*q + 651 = 2*g - c, 0 = g - 4*q - 487. Is g composite?
False
Suppose 0 = -2*g + 2*f + 11 + 7, 5*g - 2*f = 48. Let z = g - 10. Suppose z = 2*w - 430 + 144. Is w a prime number?
False
Suppose 318368 = 15*q + 119033. Is q prime?
False
Let o(d) = -d**2 + 15*d + 2. Let q be o(14). Is ((-4)/q)/(3/(-12)) + 252 prime?
False
Let m(a) = 3*a**2 - 12*a + 7. Let r = -10 - -5. Let v = 13 + r. Is m(v) prime?
True
Let k = -4923 - -7509. Suppose 6*o - 10296 = -k. Is o prime?
False
Let w(j) be the second derivative of -j**5/20 - j**4 + 10*j**3/3 + 16*j**2 + 26*j. Is w(-15) a composite number?
True
Suppose -2*t + 1 - 21 = 0. Is t/(-20)*(422 + (1 - 1)) a prime number?
True
Suppose 22*h - 5*w + 14124 = 25*h, -3*h + 3*w + 14100 = 0. Is h a composite number?
False
Suppose -n = g, 6*g - 2*g + n = 15. Suppose -c = 0, 3*k - 1650 - 822 = -g*c. Suppose -4*y = -5*h - 824, 2*y - k = -2*y + h. Is y a composite number?
True
Let p be 9/(4 - 1)*-1. Let x(m) = 327 - 29*m - 165 - 167 - 25*m. Is x(p) composite?
False
Is (-2)/(-4)*-4*5036/(-8) a prime number?
True
Suppose 5*n + 5*k = 53825, n - 12*k - 10765 = -9*k. Is n a prime number?
False
Suppose 5*u = -g + 8, -2*u + 8 = -0*g + 2*g. Is -1*(-9)/g - -248 prime?
True
Is (5 + 1 - 5)*409 a composite number?
False
Suppose -2*t + 6 = h, 3*t - 4 = h - 0*h. Suppose -2*u - 13 = -4*w - w, -2*w = -4*u - 2. Suppose -163 = t*b - w*b. Is b a prime number?
True
Let k(x) be the second derivative of 8*x**4/3 + 3*x**3/2 + 5*x**2 - 2*x. Let g(p) be the first derivative of k(p). Is g(4) a composite number?
True
Let n(o) = -o**2 + 8*o - 5. Let d be n(3). Suppose -9*l + d*l = 0. Suppose -4*z + 215 - 19 = l. Is z a prime number?
False
Let t(u) = 3*u**3 + 2*u**2 + 2*u + 1. Let b be t(-1). Is (221 - b)*(8 + -7) prime?
True
Suppose 0 = 8*s - 4*s. Suppose s = -3*l + 7046 + 7459. Is l prime?
False
Suppose -2*f = -0*f - 4. Let i(a) = -5 + 2 + 6*a**f - 2. Is i(-5) a prime number?
False
Suppose h = -5*r - 8 - 12, 0 = -3*h - 2*r + 5. Suppose 0 = -h*s - 591 + 4096. Is s composite?
False
Suppose 8*x = -5*x + 69953. Is x a prime number?
True
Suppose 0 = 4*z - 7*z + 4*m + 381, 2*z + 5*m = 231. Is z prime?
False
Let b(g) = -35*g + 18793. Is b(0) composite?
False
Suppose 2*n = g + g + 28750, -n + 14379 = g. Is n a composite number?
True
Suppose -2*k = 7*v - 2*v - 3, -3*k - 3 = 0. Let z be ((-12)/15)/((-2)/(-15)). Is 45 - v/(3/z) a prime number?
True
Suppose -3*t = -5*l - 12628, -t + 2576 = -2*l - 1635. Is t a prime number?
True
Suppose 19*l - 17388 = 12*l. Is (-1)/(-5) - l/(-30) prime?
True
Let g = -41 - -2242. Is g composite?
True
Let r(d) be the first derivative of 2*d**3/3 - 3*d**2 - d + 12. Is r(10) composite?
False
Suppose -5*r - 3*g = -5*g - 2695, 0 = 5*g - 25. Is r a prime number?
True
Let r be (-5 - 0)*(2 - 3). Suppose r*w + 39 + 2 = -4*f, -w = f + 9. Let t(b) = -2*b**3 + 3*b**2 - 3*b - 3. Is t(f) a composite number?
True
Let t be -4 - (-55)/15 - 28/6. Is (t/(-4))/((-2)/(-376)) a prime number?
False
Suppose -3*w + 2*r + 16871 = -2*w, w + 3*r - 16891 = 0. Is w prime?
True
Is 1 - (1 - 10210 - (-15)/(-15)) composite?
False
Let u = -240 - -519. Let v(s) = -19*s**3 + 3*s**2 + 3*s. Let c be v(-2). Let n = u + c. Is n composite?
True
Suppose 0*m = -5*m + 6425. Is m prime?
False
Let d = -4 - 12. Let x = -14 - d. Is (50/20)/(x/164) composite?
True
Let g(k) = -199*k - 2. Let w be g(-2). Let r = w + 157. Is r a prime number?
False
Suppose 5*h = -w - 3 + 21, h = w. Suppose -1331 - 1390 = -w*r. Is r prime?
True
Let t = 4699 - 1977. Is t composite?
True
Suppose -8*s - 146199 = -12*s + 5*v, 146209 = 4*s + 5*v. Is s composite?
False
Let g = -1761 - -4934. Is g a prime number?
False
Is 44445/10*((-6)/(-9) - 0) composite?
False
Let h be -5 + 56/6 - 2/(-3). Suppose 591 = h*f + 2*m, -2*m = 5*f + m - 589. Is f a prime number?
False
Let k(s) be the second derivative of 4*s**4/3 - s**3/2 - 2*s**2 + 34*s. Suppose 0 = n + 2, l = -2*n - 7. Is k(l) composite?
False
Suppose w + 2*c - 3295 = 0, 0 = -5*w - 4*c + 13377 + 3092. Is w a composite number?
True
Suppose -5*a + 5775 = 2*a. Suppose 2815 = 5*n + a. Let b = n + 101. Is b prime?
True
Let a(r) = r**3 - 12*r**2 + 5*r + 6. Let c be a(10). Let w = 227 + c. Is w composite?
False
Suppose 4*d + 23700 = 4*x, 5*x - 2*d + 4*d = 29611. Is x a composite number?
False
Is 325 + 1 + -2 + 3 + 2 prime?
False
Let q(r) = -6*r**3 - 7*r**2 + 4*r + 10. Is q(-5) composite?
True
Let t be (24/60)/((-1)/3260). Let n = t - -1855. Is n composite?
True
Suppose -362 = -n - 3*v + 3474, 2*n + 4*v - 7670 = 0. Is n composite?
False
Let g(c) = -c**2 - 4*c + 4. Let y be g(-4). Let i be (-2)/(-4 - (-132)/34). Suppose -71 = -y*k + i. Is k a composite number?
True
Let p(k) = -k**3 + 5*k**2 - 4*k + 19. Is p(-16) composite?
True
Suppose 19*d - 8*d + 781 = 0. Is 1 + 1 + (4 - d) composite?
True
Let j = 19042 + -1443. Is j prime?
True
Let n be (-3 + 6)/(30/12 + -1). Suppose -965 = -3*i - 287. Suppose n*m + 4*o = i, 0*m + 5*m + 2*o = 557. Is m composite?
True
Suppose s - 1 - 3 = 0. Suppose 3 = -s*g + 7. Is (g/3)/(2/636) a prime number?
False
Suppose -61 - 9 = 5*m. Let z(r) = -r**2 - 19*r + 4. Is z(m) prime?
False
Let x(i) = 7*i. Let c(m) = 6*m. Let u(r) = 6*c(r) - 5*x(r). Let j be u(4). Suppose -2*k + 37 = -v, -j*k + 5*v = 11 - 82. Is k prime?
True
Suppose -1502 = -2*i + 2*t, 29*t = 3*i + 33*t - 2218. Is i composite?
True
Let v be ((-9)/(-6))/((-3)/(-4)). Suppose 49 = v*i - 205. Is i a prime number?
True
Suppose -18*c + 6807 = -7467. Is c prime?
False
Let j(h) = h - 5. Let u be j(4). Let v be (-21 - u)*(1 - 2). Let m = v + 11. Is m a prime number?
True
Suppose 4447 = 4*x + 5*f, 0 = -0*x - x - 3*f + 1110. Suppose -3*g - 9*c = -4*c + x, 1125 = -3*g - c. Is g/(-56) - (-2)/7 a composite number?
False
Let t be (6 + -8)*(-3954)/4. Let s be (-12)/(-9) + t/9. Suppose -8*x = -9*x + s. Is x a prime number?
False
Let o = 615 + 535. Suppose 7*i - 607 = o. Is i composite?
False
Suppose 0 = 46*x - 25585 - 276313. Is x composite?
False
Suppose 5093 = 6*j - 10033. Is j a composite number?
False
Let x = -6382 + 4088. Let m = x + 4731. Is m a composite number?
False
Let u be ((-2)/4 - -1)/(2/17156). Suppose -5*k - 784 = -u. Is k composite?
False
Suppose -2*b = 4*k - 1508, -2*k + b - 1504 = -6*k. Suppose -3*p + 666 + k = 0. Is p a prime number?
True
Let o(z) = -6*z - 3. Let d be o(-1). Let t be (d/(-2))/(15/(-50)). Suppose 5*h + t*j - 1770 = 0, -3*h = 2*h - j - 1764. Is h a composite number?
False
Let w(m) be the third derivative of -93*m**4/8 - 11*m**3/2 + 13*m**2. Is w(-10) prime?
False
Suppose -5*h - 204 - 116 = 0. Let l = 206 + h. Suppose 5*v - 283 - l = 0. Is v a composite number?
True
Let f(v) = 342*v**3 + 7*v**2 + 13*v - 23. Is f(5) a composite number?
False
Let c be 41/13 + 8/(-52). Let g = c + -1. Suppose